5?
True
Is 2055 a multiple of 15?
True
Is 32 a factor of 10112?
True
Is 12041 a multiple of 79?
False
Is 14 a factor of 323?
False
Is 43 a factor of 860?
True
Does 42 divide 7812?
True
Is 6407 a multiple of 43?
True
Is 123 a multiple of 3?
True
Is 2 a factor of 320?
True
Is 8097 a multiple of 15?
False
Is 39 a factor of 954?
False
Is 2001 a multiple of 50?
False
Is 826 a multiple of 3?
False
Does 4 divide 3076?
True
Is 96425 a multiple of 145?
True
Does 17 divide 10065?
False
Is 10 a factor of 57?
False
Does 223 divide 17617?
True
Is 46 a factor of 138?
True
Is 13044 a multiple of 53?
False
Is 38 a factor of 12426?
True
Is 1496 a multiple of 8?
True
Is 2081 a multiple of 10?
False
Is 9 a factor of 2070?
True
Is 73 a factor of 4382?
False
Is 8 a factor of 2242?
False
Is 231 a multiple of 9?
False
Does 31 divide 9447?
False
Does 3 divide 201?
True
Is 290 a multiple of 13?
False
Is 11 a factor of 242?
True
Does 11 divide 1265?
True
Does 8 divide 8064?
True
Does 41 divide 7152?
False
Is 875 a multiple of 50?
False
Is 79 a factor of 22278?
True
Does 30 divide 1537?
False
Is 130 a factor of 7410?
True
Is 124 a multiple of 4?
True
Is 47 a factor of 2460?
False
Does 9 divide 1737?
True
Is 215 a multiple of 5?
True
Does 8 divide 3254?
False
Does 11 divide 1028?
False
Is 2714 a multiple of 59?
True
Is 28 a factor of 5208?
True
Does 62 divide 1377?
False
Is 12 a factor of 731?
False
Is 52 a factor of 10504?
True
Is 8 a factor of 10648?
True
Does 27 divide 3474?
False
Is 6 a factor of 5082?
True
Is 13 a factor of 117?
True
Is 3370 a multiple of 10?
True
Is 13 a factor of 695?
False
Is 12785 a multiple of 24?
False
Is 41 a factor of 46494?
True
Is 16 a multiple of 5?
False
Is 344 a multiple of 43?
True
Is 1891 a multiple of 12?
False
Is 78 a multiple of 13?
True
Is 7625 a multiple of 61?
True
Is 193 a factor of 26441?
True
Is 14 a factor of 3290?
True
Does 13 divide 1003?
False
Is 1534 a multiple of 51?
False
Is 10090 a multiple of 17?
False
Does 7 divide 700?
True
Is 3274 a multiple of 14?
False
Is 13954 a multiple of 11?
False
Is 2744 a multiple of 28?
True
Is 3367 a multiple of 5?
False
Is 49 a factor of 127513?
False
Does 7 divide 1408?
False
Is 1401 a multiple of 12?
False
Does 124 divide 45260?
True
Is 15 a factor of 759?
False
Does 14 divide 1545?
False
Is 232 a multiple of 8?
True
Is 25 a factor of 12250?
True
Does 63 divide 4007?
False
Does 38 divide 2921?
False
Is 2 a factor of 19?
False
Does 5 divide 544?
False
Is 43 a factor of 43?
True
Does 9 divide 99?
True
Does 34 divide 4873?
False
Is 29667 a multiple of 6?
False
Is 19 a factor of 2511?
False
Is 22 a factor of 15154?
False
Is 57 a factor of 22344?
True
Does 4 divide 1297?
False
Is 37 a multiple of 2?
False
Does 7 divide 149?
False
Is 13760 a multiple of 80?
True
Is 8382 a multiple of 33?
True
Is 1023 a multiple of 4?
False
Is 435 a multiple of 9?
False
Is 5 a factor of 55?
True
Does 91 divide 61789?
True
Is 8 a factor of 4920?
True
Is 6048 a multiple of 56?
True
Does 12 divide 5797?
False
Does 8 divide 8133?
False
Is 4884 a multiple of 132?
True
Is 602 a multiple of 93?
False
Is 45 a factor of 1020?
False
Is 67 a factor of 4405?
False
Is 3 a factor of 574?
False
Does 42 divide 2122?
False
Is 1364 a multiple of 31?
True
Is 39 a factor of 507?
True
Is 20 a factor of 240?
True
Is 10 a factor of 4100?
True
Is 14 a factor of 21140?
True
Does 32 divide 192?
True
Is 15 a factor of 1081?
False
Is 85344 a multiple of 8?
True
Is 5741 a multiple of 81?
False
Does 3 divide 130?
False
Is 546 a multiple of 6?
True
Does 8 divide 6520?
True
Does 10 divide 613?
False
Is 2792 a multiple of 199?
False
Is 264 a multiple of 11?
True
Is 6 a factor of 3346?
False
Does 220 divide 10340?
True
Does 4 divide 326?
False
Does 21 divide 261?
False
Does 50 divide 148?
False
Is 43 a factor of 12556?
True
Does 23 divide 1970?
False
Is 3 a factor of 2389?
False
Is 29460 a multiple of 20?
True
Is 6512 a multiple of 16?
True
Is 2496 a multiple of 52?
True
Does 9 divide 2243?
False
Is 901 a multiple of 12?
False
Does 10 divide 612?
False
Does 90 divide 1350?
True
Is 141 a factor of 4653?
True
Is 16 a factor of 1940?
False
Does 27 divide 10360?
False
Does 64 divide 578?
False
Is 1112 a multiple of 26?
False
Is 2360 a multiple of 59?
True
Is 63 a factor of 3640?
False
Is 105 a factor of 21874?
False
Does 14 divide 1194?
False
Does 10 divide 1697?
False
Is 20 a factor of 4024?
False
Is 35 a factor of 525?
True
Is 100218 a multiple of 9?
False
Does 57 divide 5472?
True
Is 167 a factor of 7663?
False
Is 572 a multiple of 11?
True
Is 231 a multiple of 77?
True
Is 5240 a multiple of 79?
False
Is 14 a factor of 546?
True
Is 110 a factor of 6710?
True
Does 219 divide 21719?
False
Is 12767 a multiple of 17?
True
Does 77 divide 35166?
False
Does 75 divide 13875?
True
Is 6 a factor of 264?
True
Does 78 divide 19032?
True
Does 54 divide 67568?
False
Is 18 a factor of 27260?
False
Is 3 a factor of 318?
True
Is 2513 a multiple of 14?
False
Does 16 divide 208?
True
Is 10 a multiple of 5?
True
Is 876 a multiple of 26?
False
Is 11 a factor of 880?
True
Does 38 divide 100?
False
Is 14 a factor of 32647?
False
Does 34 divide 691?
False
Is 4 a factor of 32?
True
Is 48 a factor of 384?
True
Does 57 divide 9063?
True
Does 14 divide 2163?
False
Is 62 a factor of 1054?
True
Does 15 divide 538?
False
Is 16 a factor of 40544?
True
Is 910 a multiple of 10?
True
Is 12190 a multiple of 230?
True
Is 1785 a multiple of 30?
False
Is 6 a factor of 312?
True
Is 8827 a multiple of 44?
False
Is 3442 a multiple of 21?
False
Is 154 a multiple of 11?
True
Does 10 divide 48735?
False
Does 29 divide 18529?
False
Is 11500 a multiple of 20?
True
Is 3 a factor of 11?
False
Is 28 a factor of 6938?
False
Is 54 a factor of 486?
True
Does 10 divide 41215?
False
Is 731 a multiple of 22?
False
Does 11 divide 48719?
True
Does 22 divide 22621?
False
Does 26 divide 417?
False
Is 17632 a multiple of 41?
False
Is 20 a factor of 3270?
False
Is 1280 a multiple of 20?
True
Does 11 divide 1308?
False
Is 9 a factor of 12402?
True
Is 5 a factor of 819?
False
Is 29896 a multiple of 10?
False
Is 21 a factor of 2111?
False
Does 9 divide 7335?
True
Does 78 divide 4964?
False
Is 58 a multiple of 58?
True
Is 12 a factor of 1116?
True
Is 458 a multiple of 10?
False
Is 77 a factor of 2000?
False
Is 28 a factor of 4499?
False
Does 27 divide 30483?
True
Is 920 a multiple of 46?
True
Is 2296 a multiple of 14?
True
Is 20255 a multiple of 181?
False
Is 12049 a multiple of 5?
False
Does 19 divide 323?
True
Does 141 divide 10139?
False
Does 11 divide 18?
False
Does 10 divide 2232?
False
Is 181 a multiple of 4?
False
Does 10 divide 1600?
True
Is 3 a factor of 240?
True
Is 58950 a multiple of 25?
True
Is 11 a factor of 4176?
False
Is 6954 a multiple of 19?
True
Is 18134 a multiple of 232?
False
Is 65 a factor of 10536?
False
Is 6 a factor of 102?
True
Is 2 a factor of 111?
False
Does 124 divide 6425?
False
Does 13 divide 3265?
False
Is 257 a factor of 63792?
False
Is 7 a factor of 3450?
False
Is 41 a factor of 5791?
False
Is 7238 a multiple of 77?
True
Does 3 divide 396?
True
Is 78 a factor of 936?
True
Does 169 divide 21125?
True
Is 12 a factor of 5772?
True
Is 21 a factor of 19467?
True
Is 15 a factor of 2228?
False
Is 18107 a multiple of 10?
False
Does 194 divide 739?
False
Is 278 a multiple of 10?
False
Is 46707 a multiple of 108?
False
Does 16 divide 1264?
True
Does 15 divide 1082?
False
Is 17 a factor of 6120?
True
Is 658 a multiple of 27?
False
Is 1191 a multiple of 18?
False
Does 24 divide 23011?
False
Is 28 a factor of 30784?
False
Is 5 a factor of 9790?
True
Is 6 a factor of 40406?
False
Does 6 divide 5670?
True
Does 98 divide 1074?
False
Is 38 a factor of 152?
True
Is 14 a factor of 1875?
False
Does 12 divide 1752?
True
Does 18 divide 511?
False
Does 132 divide 1716?
True
Is 14 a factor of 3046?
False
Is 25 a factor of 275?
True
Is 86 a multiple of 11?
False
Does 39 divide 78?
True
Is 68 a factor of 54150?
False
Does 12 divide 16284?
True
Is 9 a factor of 819?
True
Is 17 a factor of 646?
True
Does 21 divide 2329?
False
Is 67408 a multiple of 16?
True
Does 263 divide 9731?
True
Is 49 a factor of 735?
True
Does 5 divide 1131?
False
Is 17 a factor of 2236?
False
Is 27 a factor of 729?
True
I